te the highest common factor of u and y.
7
Suppose -5*g - 4*j = 235, -200 = -0*g + 5*g - 3*j. Let u = -22 - g. What is the highest common divisor of u and 105?
21
Let q(a) be the first derivative of -4 + 11/3*a**3 + a**2 + a. Let j be q(-1). Calculate the highest common factor of j and 20.
10
Let u be ((1 - -4) + -4)*-11. Suppose 4*j - 2*s = s + 90, 2*j + 4*s = 34. Let k = u + j. Calculate the highest common factor of k and 70.
10
Let d = 8 - -12. What is the highest common divisor of d and 5?
5
Let k be (45/4)/(21/56). What is the highest common divisor of k and 20?
10
Let a(x) = x**3 - 5*x**2 - 13*x + 11. Let o be a(7). What is the highest common divisor of o and 27?
9
Let a be 2*3/(3/8). Suppose a = o - 6. What is the greatest common divisor of 11 and o?
11
Suppose -3*j + 7*j - 16 = 0. Let w(v) = -v**2 + 6*v - 3. Let i be w(j). Calculate the highest common divisor of i and 45.
5
Let s(z) = 12*z**2 - z - 3. Let m be s(-3). Let x(j) = -2*j + 10. Let v be x(-1). Calculate the highest common factor of v and m.
12
Let s(a) = 2*a**2 - 9*a + 8. Let z be s(6). Calculate the greatest common divisor of 39 and z.
13
Suppose -5 = -2*n + 5. Suppose n*t = -15, f + 2*t = 15 + 33. What is the highest common divisor of 6 and f?
6
Let t(p) = -p**2 + 7*p - 6. Let v be t(6). Let u be v - 1/((-1)/18). What is the greatest common factor of 198 and u?
18
Suppose 4*k - 176 = 44. What is the highest common divisor of k and 5?
5
Suppose -6 = -r - 2. Suppose 5*h - 30 = r*s + s, -2*s - 3 = -h. What is the greatest common divisor of h and 9?
9
Suppose t - 5*m = 2*t - 3, 2*m + 3 = t. What is the greatest common factor of t and 3?
3
Let f be ((-2)/4)/((-2)/20). Suppose -2*o - 9 = -5*o - 3*k, -f*o + 5*k = 5. Suppose 6*u - 40 = u. Calculate the highest common factor of u and o.
1
Suppose -4*x + 4*n - 20 = 12, 5*x = -5*n - 80. Suppose 0 = -i + 4*i - 102. Let g = x + i. What is the greatest common factor of 154 and g?
22
Let n(l) = -26*l**3 + l**2 - l - 1. Let c be n(-1). Let q = c - 20. Calculate the highest common divisor of q and 63.
7
Suppose g = -4 + 2. Let w be 1 + (-2 - g) + 80. Let r = 10 + -1. Calculate the highest common divisor of w and r.
9
Let c(f) = -4*f - 2. Suppose 2*x = 5 + 7. Let v be (3/6)/((-1)/x). Let j be c(v). What is the highest common divisor of 30 and j?
10
Let i = -3 + 4. Let y be 4/(i - 3/(-3)). Suppose y*a - 7 = u, 2*u = 6*u + 2*a - 22. Calculate the greatest common factor of 6 and u.
3
Let a = 3 - 4. Let k = 4 + a. Let q be 4/(-6) + 110/k. What is the highest common divisor of q and 12?
12
Let u(k) = -5*k + 6. Let q(v) = -v**3 + 6*v**2 + 5*v + 5. Let b be q(7). Let j be u(b). Calculate the highest common factor of j and 34.
17
Let j(u) = -u**3 + 10*u**2 - 10*u + 10. Let h be j(9). What is the greatest common divisor of h and 1?
1
Suppose -2*a + 6*a + j = 16, 2*a = -4*j + 22. Suppose 2*c = -a*c + 20. What is the highest common divisor of 1 and c?
1
Suppose -d + 21 = 4*b, 0 = -8*d + 3*d - 5*b + 45. Suppose 0 = t - d*t + 44. Calculate the highest common factor of t and 1.
1
Let v(s) = -2*s + 20. Let d be v(-7). What is the greatest common factor of 34 and d?
34
Suppose -3*c - 5*u + 2*u + 9 = 0, 4*c - 2*u - 18 = 0. Calculate the highest common factor of 2 and c.
2
Suppose -j - j = 6. Let q = 0 - j. Let g = -3 + 24. What is the highest common factor of g and q?
3
Suppose t + 8 = h, -2*t + 2 = -4*h + 30. Suppose -2*g + h*g + 72 = j, -3*j = -3*g - 234. Calculate the greatest common factor of 10 and j.
10
Let c be 4/(-1 + 13/11). Calculate the greatest common factor of 154 and c.
22
Suppose -3*r - 5*n - 226 = 0, 4*n - 315 = -0*r + 5*r. Let s = r - -145. Calculate the highest common divisor of s and 26.
26
Let k be -3*11/((-11)/6). Let b(c) = c**3 + 7*c**2 + 6*c + 7. Let t be b(-5). What is the highest common divisor of k and t?
9
Let x be 16*(4 - 0/(-1)). Suppose 0*m - 3*a - x = -5*m, -3*m = a - 30. Let b(j) = 5*j**2 + 2. Let c be b(2). What is the greatest common factor of m and c?
11
Let j(p) = 5*p - 1. Let u be j(5). Let t = 71 - -109. Suppose -2*q + t = q. What is the highest common divisor of q and u?
12
Let u be ((-15)/(-12) - 0)*4. Suppose -u*j + 2*g + 20 = 0, 2*j - 2 = -2*g - 8. Suppose 0 = j*b + 3*b - 65. Calculate the greatest common divisor of 26 and b.
13
Let h(g) = g**2 - 4*g - 1. Let z be h(-3). Let r = 0 - 0. Let a be 0*(-1 - r) + 8. Calculate the greatest common factor of a and z.
4
Suppose 6*w = 4*w. Suppose w = -3*g - 2*g + 30. What is the highest common factor of g and 24?
6
Let m = 53 - 39. What is the highest common divisor of m and 70?
14
Let l(j) = j - 5. Let o be l(8). Suppose o*n - 20 = -n. What is the highest common divisor of n and 5?
5
Let s(d) = 2*d**3 - d**2 - 3*d + 3. Suppose 2 = 2*u - g, -u + g - 6 = -3*g. Let r be s(u). What is the highest common divisor of 9 and r?
9
Suppose 0 = -4*u - 4*z + 44, 6 = -4*u - 5*z + 49. Let r(f) = 2*f**2 - 5*f - 4. Let d be r(8). Calculate the greatest common divisor of u and d.
12
Suppose 4 = -3*u + 10. Let r = u + 1. Let z be 8 - (r - 5 - 0). Calculate the highest common factor of z and 20.
10
Suppose 3*b - b - 6 = 2*y, -3*b = 3*y - 15. Suppose -s - b*s = -100. Let n be ((-10)/3 + 2)*-3. Calculate the highest common divisor of s and n.
4
Suppose m - 9 = -4*a, 5*m - 2 = a + m. Suppose -2*p - 64 = -4*v, -5 = 4*v - 4*p - 61. Calculate the highest common factor of v and a.
2
Let z(c) = -7*c + 8. Let m be z(8). Let u = m - -111. Let q be 2/(((-2)/9)/(-1)). What is the highest common factor of q and u?
9
Let d = -129 + 401. Let g be -7 + 4 - (-40 - (0 - 3)). Calculate the greatest common divisor of g and d.
34
Suppose 17 = t - 16. What is the greatest common factor of 11 and t?
11
Suppose y + 6*p - 1 = 7*p, -4*y - 4*p = -12. Calculate the greatest common divisor of y and 4.
2
Let c(q) = q**3 - 5*q**2 + 4*q - 1. Let i be c(4). Let p be -1*(i - 2)*12. Suppose -l = -1 - 3. What is the greatest common factor of l and p?
4
Suppose -2 = -3*t + 1. Let d(y) = -10*y + t - 11*y - 3*y. Let f be d(-1). What is the greatest common divisor of f and 10?
5
Suppose 2*t + 6 = 14. Suppose k = 2*d + t, -k - d + 19 - 6 = 0. Calculate the greatest common factor of k and 110.
10
Let r be (0 - 4) + 2 + -485. Let l = -135 - r. What is the greatest common factor of l and 32?
32
Let g(q) = -4*q. Let r(a) = -3*a. Let y(h) = -2*g(h) + 3*r(h). Let o be y(5). Let s be 7 + (-6)/(-3 - o). Calculate the highest common factor of 32 and s.
4
Let f be 12/(-10)*(-10 - 0). Let i(w) = -4*w. Let d(p) = p - 1. Let r(k) = -2*d(k) - i(k). Let n be r(11). Calculate the highest common factor of f and n.
12
Let x(c) = -17*c**3 + 2*c**2 + 2*c. Let m be x(-2). Let w = -136 - -192. What is the highest common factor of w and m?
28
Let n = 18 + -4. What is the greatest common factor of n and 28?
14
Let g(q) = -23*q + 11. Let m be g(-11). Calculate the greatest common factor of m and 24.
24
Let s(y) = y**3 + 7*y**2 + 5*y - 1. Let d be s(-6). Suppose -3*p + 2*z = 6*z - 140, 4*z - 20 = 0. What is the greatest common divisor of p and d?
5
Let d = 69 - 54. Calculate the greatest common factor of d and 165.
15
Suppose -2*m = -4*o + 2*o + 16, 4 = -4*m. Suppose -a = 5*i - o, 2*i + a + 11 = 6*i. Let z be (-858)/(-3)*i/4. Calculate the highest common divisor of 13 and z.
13
Suppose d = 2*d - 23. Suppose -4*s + d + 81 = 5*u, -u = -2*s + 38. What is the highest common factor of 105 and s?
21
Suppose 0 = u, -u + 1 = j - 8. Let x be (-20)/4*(0 - j). What is the greatest common divisor of x and 9?
9
Suppose d - 10 = -d. Suppose -36 = -i - 0*i + 2*g, 0 = -d*g - 15. What is the highest common divisor of 20 and i?
10
Suppose 0*l - 2*l = 36. Let w be 2/9 + (-32)/l. Suppose -r = -g + 2*r - w, -4*g + 44 = r. Calculate the highest common divisor of g and 90.
10
Let j(s) = 9*s**2 - 7*s. Let x be j(3). Let h be ((-216)/(-20))/(9/x). What is the greatest common divisor of h and 8?
8
Suppose 2*o - 16 = -2*o. Suppose -264 = -o*h + h. Suppose 4*u - 2*u = 16. Calculate the highest common factor of u and h.
8
Let f(s) be the first derivative of s**3/3 + 3*s**2 - 10*s - 3. Let n be f(-8). Calculate the highest common factor of 3 and n.
3
Let j be 12/30 + (-476)/(-10). Calculate the highest common factor of j and 8.
8
Suppose 5*s - 9 = -2*n, n + 6*s - 7 = s. What is the g